{"id":1399,"date":"2021-11-30T21:43:55","date_gmt":"2021-11-30T20:43:55","guid":{"rendered":"https:\/\/www3.archidiecezja.lodz.pl\/akw-it\/?page_id=1399"},"modified":"2025-10-24T22:32:27","modified_gmt":"2025-10-24T20:32:27","slug":"instytut","status":"publish","type":"page","link":"https:\/\/www3.archidiecezja.lodz.pl\/akw-it\/?page_id=1399","title":{"rendered":"Historia Instytutu"},"content":{"rendered":"\t\t<div data-elementor-type=\"wp-page\" data-elementor-id=\"1399\" class=\"elementor elementor-1399\">\n\t\t\t\t\t\t<section class=\"elementor-section elementor-top-section elementor-element elementor-element-d8d5817 elementor-section-boxed elementor-section-height-default elementor-section-height-default\" data-id=\"d8d5817\" data-element_type=\"section\" data-e-type=\"section\">\n\t\t\t\t\t\t<div class=\"elementor-container elementor-column-gap-default\">\n\t\t\t\t\t<div class=\"elementor-column elementor-col-100 elementor-top-column elementor-element elementor-element-4a1e562\" data-id=\"4a1e562\" data-element_type=\"column\" data-e-type=\"column\">\n\t\t\t<div class=\"elementor-widget-wrap elementor-element-populated\">\n\t\t\t\t\t\t<div class=\"elementor-element elementor-element-f94e579 elementor-widget elementor-widget-heading\" data-id=\"f94e579\" data-element_type=\"widget\" data-e-type=\"widget\" data-widget_type=\"heading.default\">\n\t\t\t\t<div class=\"elementor-widget-container\">\n\t\t\t\t\t<h2 class=\"elementor-heading-title elementor-size-default\">Dekret Kongregacji i Statut Instytutu\n<\/h2>\t\t\t\t<\/div>\n\t\t\t\t<\/div>\n\t\t\t\t<section class=\"elementor-section elementor-inner-section elementor-element elementor-element-2a41ecc elementor-section-boxed elementor-section-height-default elementor-section-height-default\" data-id=\"2a41ecc\" data-element_type=\"section\" data-e-type=\"section\">\n\t\t\t\t\t\t<div class=\"elementor-container elementor-column-gap-default\">\n\t\t\t\t\t<div class=\"elementor-column elementor-col-50 elementor-inner-column elementor-element elementor-element-04aa418\" data-id=\"04aa418\" data-element_type=\"column\" data-e-type=\"column\">\n\t\t\t<div class=\"elementor-widget-wrap elementor-element-populated\">\n\t\t\t\t\t\t<div class=\"elementor-element elementor-element-8deb727 elementor-align-justify elementor-widget elementor-widget-button\" data-id=\"8deb727\" data-element_type=\"widget\" data-e-type=\"widget\" data-widget_type=\"button.default\">\n\t\t\t\t<div class=\"elementor-widget-container\">\n\t\t\t\t\t\t\t\t\t<div class=\"elementor-button-wrapper\">\n\t\t\t\t\t<a class=\"elementor-button elementor-button-link elementor-size-md\" href=\"https:\/\/www3.archidiecezja.lodz.pl\/akw-it\/wp-content\/uploads\/2022\/06\/Dekret_Kongregacji_dotyczacy_afiliacji_Instytutu_Teologicznego_do_PWTW.pdf\" target=\"_blank\">\n\t\t\t\t\t\t<span class=\"elementor-button-content-wrapper\">\n\t\t\t\t\t\t\t\t\t<span class=\"elementor-button-text\">Dekret Kongregacji<\/span>\n\t\t\t\t\t<\/span>\n\t\t\t\t\t<\/a>\n\t\t\t\t<\/div>\n\t\t\t\t\t\t\t\t<\/div>\n\t\t\t\t<\/div>\n\t\t\t\t\t<\/div>\n\t\t<\/div>\n\t\t\t\t<div class=\"elementor-column elementor-col-50 elementor-inner-column elementor-element elementor-element-5bde02e\" data-id=\"5bde02e\" data-element_type=\"column\" data-e-type=\"column\">\n\t\t\t<div class=\"elementor-widget-wrap elementor-element-populated\">\n\t\t\t\t\t\t<div class=\"elementor-element elementor-element-e8eb063 elementor-align-justify elementor-widget elementor-widget-button\" data-id=\"e8eb063\" data-element_type=\"widget\" data-e-type=\"widget\" data-widget_type=\"button.default\">\n\t\t\t\t<div class=\"elementor-widget-container\">\n\t\t\t\t\t\t\t\t\t<div class=\"elementor-button-wrapper\">\n\t\t\t\t\t<a class=\"elementor-button elementor-button-link elementor-size-md\" href=\"https:\/\/www3.archidiecezja.lodz.pl\/akw-it\/wp-content\/uploads\/2022\/06\/Statut-Instytutu-Teologicznego-w-Lodzi.pdf\" target=\"_blank\">\n\t\t\t\t\t\t<span class=\"elementor-button-content-wrapper\">\n\t\t\t\t\t\t\t\t\t<span class=\"elementor-button-text\">Statut Instytutu<\/span>\n\t\t\t\t\t<\/span>\n\t\t\t\t\t<\/a>\n\t\t\t\t<\/div>\n\t\t\t\t\t\t\t\t<\/div>\n\t\t\t\t<\/div>\n\t\t\t\t\t<\/div>\n\t\t<\/div>\n\t\t\t\t\t<\/div>\n\t\t<\/section>\n\t\t\t\t<div class=\"elementor-element elementor-element-3745bb2 elementor-widget elementor-widget-spacer\" data-id=\"3745bb2\" data-element_type=\"widget\" data-e-type=\"widget\" data-widget_type=\"spacer.default\">\n\t\t\t\t<div class=\"elementor-widget-container\">\n\t\t\t\t\t\t\t<div class=\"elementor-spacer\">\n\t\t\t<div class=\"elementor-spacer-inner\"><\/div>\n\t\t<\/div>\n\t\t\t\t\t\t<\/div>\n\t\t\t\t<\/div>\n\t\t\t\t\t<\/div>\n\t\t<\/div>\n\t\t\t\t\t<\/div>\n\t\t<\/section>\n\t\t\t\t<section class=\"elementor-section elementor-top-section elementor-element elementor-element-0bde6ae elementor-section-boxed elementor-section-height-default elementor-section-height-default\" data-id=\"0bde6ae\" data-element_type=\"section\" data-e-type=\"section\">\n\t\t\t\t\t\t<div class=\"elementor-container elementor-column-gap-default\">\n\t\t\t\t\t<div class=\"elementor-column elementor-col-100 elementor-top-column elementor-element elementor-element-c0cf42d\" data-id=\"c0cf42d\" data-element_type=\"column\" data-e-type=\"column\">\n\t\t\t<div class=\"elementor-widget-wrap elementor-element-populated\">\n\t\t\t\t\t\t<div class=\"elementor-element elementor-element-a19018d elementor-widget elementor-widget-heading\" data-id=\"a19018d\" data-element_type=\"widget\" data-e-type=\"widget\" data-widget_type=\"heading.default\">\n\t\t\t\t<div class=\"elementor-widget-container\">\n\t\t\t\t\t<h2 class=\"elementor-heading-title elementor-size-default\">Instytut Teologiczny - geneza<\/h2>\t\t\t\t<\/div>\n\t\t\t\t<\/div>\n\t\t\t\t<div class=\"elementor-element elementor-element-cdb2255 elementor-widget elementor-widget-text-editor\" data-id=\"cdb2255\" data-element_type=\"widget\" data-e-type=\"widget\" data-widget_type=\"text-editor.default\">\n\t\t\t\t<div class=\"elementor-widget-container\">\n\t\t\t\t\t\t\t\t\t<h3>&nbsp;<\/h3>\n<h3><em>INSTYTUT TEOLOGICZNY oraz PUNKT KONSULTACYJNY <\/em><em>w \u0141ODZI<\/em><strong><em> (rys historyczny)<\/em><\/strong><\/h3>\n<p><em>&nbsp;<\/em><\/p>\n<p>&nbsp; Historycznie pierwszym o\u015brodkiem dydaktycznym powo\u0142anym do istnienia by\u0142 <strong>Instytut Teologiczny w \u0141odzi<\/strong> (ul. Retki\u0144ska 127). Zosta\u0142 on utworzony dekretem dnia 21 wrze\u015bnia 1987 roku przez \u00f3wczesnego Biskupa \u0141\u00f3dzkiego W\u0142adys\u0142awa Zi\u00f3\u0142ka (Dekret L.dz. 1211\/87). Celem Instytutu zgodnie z pismem go powo\u0142uj\u0105cym by\u0142o zapewnienie<em> \u201e<\/em>zorganizowanej, systematycznej for\u00admacji intelektualnej dla os\u00f3b zakonnych i \u015bwieckich, kt\u00f3re wymagaj\u0105 wy\u017cszej wiedzy religijnej ze wzgl\u0119du na swe zaj\u0119cia lub \u015bwiadom\u0105 potrzeb\u0119 podnie\u00adsienia osobistej kultury duchowej (&#8230;)&nbsp; Z uwagi na potrzeby Die\u00adcezji \u0141\u00f3dzkiej, w Instytucie Teologicznym b\u0119d\u0105 funkcjonowa\u0107 cztery sekcje: og\u00f3lnoteologiczna, katechetyczna, teologii rodziny i teologiczno-spo\u0142eczna\u201d. Pierwszym rektorem zosta\u0142 ks. dr hab. Bogdan Bakies. W pierwszym roku istnienia zg\u0142osi\u0142o si\u0119 ponad 600 s\u0142uchaczy. Funkcjonowanie tego o\u015brodka w pocz\u0105tkowej swej fazie funkcjonowa\u0142o na prawie ko\u015bcielnym i nie dawa\u0142o uprawnie\u0144 pa\u0144stwowych.<\/p>\n<p>&nbsp;&nbsp;&nbsp;&nbsp;&nbsp;&nbsp;&nbsp;&nbsp;&nbsp;&nbsp;&nbsp; Z czasem, na mocy umowy dotycz\u0105cej wsp\u00f3\u0142pracy podpisanej przez Arcybiskupa W\u0142adys\u0142awa Zi\u00f3\u0142ka z Akademi\u0105 Teologii Katolickiej w Warszawie, student\u00f3w Instytutu Teologicznego w \u0141odzi, kt\u00f3rzy nale\u017celi do Kolegium Teologicznym obj\u0119to \u201eopiek\u0105 naukowo-dydaktyczn\u0105\u201d w celu umo\u017cliwienia im nabycia uprawnie\u0144 pa\u0144stwowych. (Umowa z dnia 16.08.1995). Studenci mieli mo\u017cno\u015b\u0107 zdobycia w\u00f3wczas tzw. licencjatu zawodowego umo\u017cliwiaj\u0105cego prowadzenia katechezy w szko\u0142ach a tak\u017ce kontynuowania dalszych studi\u00f3w magisterskich m.in. w Instytucie Teologicznym.<\/p>\n<p>&nbsp;&nbsp;&nbsp;&nbsp;&nbsp;&nbsp;&nbsp;&nbsp;&nbsp;&nbsp;&nbsp; Chocia\u017c nazwa Instytut Teologiczny funkcjonowa\u0142 zawsze, zgodnie z powo\u0142uj\u0105cym go Dekretem Biskupa miejsca, to zmiany ustaw w szkolnictwie wymusza\u0142y tak\u017ce zmian\u0119 jej charakteru i nazwy w celu umo\u017cliwienia prowadzenia edukacji. Tak wi\u0119c \u201eRetki\u0144ski\u201d Instytut Teologiczny w swoim czasie sta\u0142 si\u0119 (Pierwszym) Punktem Konsultacyjnym w \u0141odzi. [Innym o\u015brodkiem dydaktycznym by\u0142 (Drugi) Punktem Konsultacyjnym przy ul. Ksi\u0119dza Skorupki 7].<\/p>\n<p><em>&nbsp;&nbsp;&nbsp;&nbsp;&nbsp;&nbsp;&nbsp;&nbsp;&nbsp;&nbsp;&nbsp; Ustawa o szkolnictwie wy\u017cszym <\/em>z dnia 27 lipca 2005 roku, nie przewidywa\u0142a dzia\u0142alno\u015bci akademickich punkt\u00f3w konsultacyjnych czy o\u015brodk\u00f3w zamiejscowych, jak to mia\u0142o miejsce wcze\u015bniej. Tak\u017ce i z tego powodu po\u0142\u0105czono dwa dotychczasowe o\u015brodki: <em>Instytut Teologiczny <\/em>i<em> (Drugi) Punkt Konsultacyjny<\/em> w 2009 roku i przekszta\u0142cono w jedn\u0105 instytucj\u0119 o nazwie: O\u015brodek Naukowo-Badawczy UKSW w \u0141odzi. Funkcj\u0119 rektora tego wsp\u00f3lnego o\u015brodka powierzono ks. dr Stanis\u0142awowi Skoblowi. Pe\u0142ni\u0142 j\u0105 do ko\u0144ca czerwca 2014 roku. Od 1 lipca 2014 roku funkcj\u0119 dyrektora \u201eInstytutu\u201d powierzono ks. dr hab. Janowi Wolskiemu.<\/p><p><br><\/p>\n<h3>&nbsp;<strong><em>(Drugi) Punkt Konsultacyjny w \u0141odzi<\/em><\/strong><\/h3>\n<p>&nbsp;&nbsp;&nbsp;&nbsp;&nbsp;&nbsp;&nbsp;&nbsp; W 1988 roku powo\u0142ano Fili\u0119 Akademii Teologii Katolickiej w Warszawie z siedzib\u0105 &nbsp;w \u0141odzi przy ul. Ksi\u0119dza Skorupki 13 (p\u00f3\u017aniej przy ul. Skorupki 7<em>)<\/em>. W mi\u0119dzyczasie na bazie Akademii Teologii Katolickiej powsta\u0142 Uniwersytet Kardyna\u0142a Stefana Wyszy\u0144skiego w Warszawie (UKSW). Fili\u0119 Akademii przekszta\u0142cono na Punkt Konsultacyjny, w kt\u00f3rym studia magisterskie niestacjonarne odbywali studenci \u015bwieccy i zakonni. W odr\u00f3\u017cnieniu od Instytutu Teologicznego (na Retkinii) tutejsi studenci&nbsp; nie zdobywali uprawnie\u0144 do nauczania religii w szkole. W (Drugim) Punkcie Konsultacyjnym prowadzone by\u0142y tak\u017ce studia doktoranckie z teologii dla duchownych i \u015bwieckich.<\/p>\n<p>&nbsp;&nbsp;&nbsp;&nbsp;&nbsp;&nbsp;&nbsp;&nbsp;&nbsp;&nbsp;&nbsp; Pierwszym&nbsp; dyrektorem tego o\u015brodka zosta\u0142 ks. dr Andrzej \u015awi\u0105tczak (nominacja 13.09.1988). Funkcj\u0119 t\u0119 pe\u0142ni\u0142 do nag\u0142ej \u015bmierci (08.01.2004). Jego nast\u0119pc\u0105 zosta\u0142 ks. dr Jan Wolski (nominacja Arcybiskupa W\u0142adys\u0142awa Zi\u00f3\u0142ka 31.01.2004)<\/p>\n<p><em>&nbsp;&nbsp;&nbsp;&nbsp;&nbsp;&nbsp;&nbsp;&nbsp;&nbsp;&nbsp;&nbsp; <\/em>8 grudnia 2014 roku Kongregacja ds. Edukacji Katolickiej wyda\u0142a Dekret (Nr 769\/2014) afiliuj\u0105cy Instytut Teologiczny do Papieskiego Wydzia\u0142u Teologicznego w Warszawie. Wraz z nowym rokiem akademickim 2015-2016 studenci studi\u00f3w magisterskich (z wyj\u0105tkiem roku VI) a tak\u017ce s\u0142uchacze studi\u00f3w doktoranckich zostali przeniesieni na studia do Papieskiego Wydzia\u0142u Teologicznego w Warszawie. Ch\u0119tnym, kt\u00f3rzy zapragn\u0119liby doko\u0144czy\u0107 swoje studia na UKSW, zosta\u0142a zapewniona taka mo\u017cliwo\u015b\u0107, ale wymaga\u0142o to przeniesienia si\u0119 na studia niestacjonarne w Warszawie.<\/p>\n<p style=\"text-align: right;\"><em>ks. Jan Wolski<\/em><\/p>\n<p style=\"text-align: right;\">\u0141\u00f3d\u017a, 06.05.2020.<\/p>\t\t\t\t\t\t\t\t<\/div>\n\t\t\t\t<\/div>\n\t\t\t\t\t<\/div>\n\t\t<\/div>\n\t\t\t\t\t<\/div>\n\t\t<\/section>\n\t\t\t\t<section class=\"elementor-section elementor-top-section elementor-element elementor-element-9756f3b elementor-section-boxed elementor-section-height-default elementor-section-height-default\" data-id=\"9756f3b\" data-element_type=\"section\" data-e-type=\"section\">\n\t\t\t\t\t\t<div class=\"elementor-container elementor-column-gap-default\">\n\t\t\t\t\t<div class=\"elementor-column elementor-col-100 elementor-top-column elementor-element elementor-element-95ee1a1\" data-id=\"95ee1a1\" data-element_type=\"column\" data-e-type=\"column\">\n\t\t\t<div class=\"elementor-widget-wrap elementor-element-populated\">\n\t\t\t\t\t\t<div class=\"elementor-element elementor-element-f79d915 elementor-widget elementor-widget-text-editor\" data-id=\"f79d915\" data-element_type=\"widget\" data-e-type=\"widget\" data-widget_type=\"text-editor.default\">\n\t\t\t\t<div class=\"elementor-widget-container\">\n\t\t\t\t\t\t\t\t\t<p><br><\/p>\n<div class=\"elementor-element elementor-element-8d70ffc elementor-widget elementor-widget-heading\" style=\"flex: 0 1 auto; order: 0; align-self: auto; flex-flow: row; place-content: normal; align-items: normal; gap: normal; --widgets-spacing: 20px 20px; --widgets-spacing-row: 20px; --widgets-spacing-column: 20px; width: 1120px; margin-bottom: 20px; color: #334155; font-family: -apple-system, BlinkMacSystemFont, 'Segoe UI', Roboto, Oxygen-Sans, Ubuntu, Cantarell, 'Helvetica Neue', sans-serif;\" data-id=\"8d70ffc\" data-element_type=\"widget\" data-widget_type=\"heading.default\">\n<div class=\"elementor-widget-container\" style=\"transition: background 0.3s, border 0.3s, border-radius 0.3s, box-shadow 0.3s, transform 0.4s;\">\n<h2 class=\"elementor-heading-title elementor-size-default\" style=\"font-weight: 600; color: #6ec1e4; font-family: Roboto, sans-serif;\">Studenci o naszej uczelni<\/h2>\n<\/div>\n<\/div>\n<div class=\"elementor-element elementor-element-4b92ded elementor-widget elementor-widget-text-editor\" style=\"flex: 0 1 auto; order: 0; align-self: auto; flex-flow: row; place-content: normal; align-items: normal; gap: normal; --widgets-spacing: 20px 20px; --widgets-spacing-row: 20px; --widgets-spacing-column: 20px; font-family: Roboto, sans-serif; font-weight: 400; color: #7a7a7a; width: 1120px; margin-bottom: 20px; margin-block-end: 20px;\" data-id=\"4b92ded\" data-element_type=\"widget\" data-widget_type=\"text-editor.default\">\n<div class=\"elementor-widget-container\" style=\"transition: background 0.3s, border 0.3s, border-radius 0.3s, box-shadow 0.3s, transform 0.4s;\">\n<p style=\"font-size: 16px;\">\u201eCzas, studiowania otworzy\u0142 mi horyzonty zagadnie\u0144 teologicznych jak i filozoficznych. Po pi\u0119ciu latach mog\u0119 stwierdzi\u0107, \u017ce moje oczekiwania zosta\u0142y spe\u0142nione!\u201d<br><span style=\"font-weight: bold;\"><em>Przemek, student VI roku teologii<\/em><\/span><\/p>\n<p style=\"font-size: 16px;\">\u201eNieocenionym walorem naszego Instytutu jest \u015bwietna atmosfera jak i bogate zaplecze dydaktyczne. Wszystkim kt\u00f3rzy my\u015bl\u0105 o studiach teologicznych, polecam \u0141\u00f3dzki Instytut!\u201d<br><em><span style=\"font-weight: bold;\">Agnieszka, absolwentka teologii<\/span><\/em><\/p>\n<p style=\"font-size: 16px;\">\u201eCzas, studiowania otworzy\u0142 mi horyzonty zagadnie\u0144 teologicznych jak i filozoficznych. Po pi\u0119ciu latach mog\u0119 stwierdzi\u0107, \u017ce moje oczekiwania zosta\u0142y spe\u0142nione!\u201d<br><span style=\"font-weight: bold;\"><em>Przemek, student VI roku teologii<\/em><\/span><\/p>\n<p style=\"font-size: 16px;\">\u201eNieocenionym walorem naszego Instytutu jest \u015bwietna atmosfera jak i bogate zaplecze dydaktyczne. Wszystkim kt\u00f3rzy my\u015bl\u0105 o studiach teologicznych, polecam \u0141\u00f3dzki Instytut!\u201d<br><em><span style=\"font-weight: bold;\">Agnieszka, absolwentka teologii<\/span><\/em><\/p>\n<p style=\"font-size: 16px;\">\u201eCzas, studiowania otworzy\u0142 mi horyzonty zagadnie\u0144 teologicznych jak i filozoficznych. Po pi\u0119ciu latach mog\u0119 stwierdzi\u0107, \u017ce moje oczekiwania zosta\u0142y spe\u0142nione!\u201d<br><span style=\"font-weight: bold;\"><em>Przemek, student VI roku teologii<\/em><\/span><\/p>\n<p style=\"font-size: 16px;\">\u201eNieocenionym walorem naszego Instytutu jest \u015bwietna atmosfera jak i bogate zaplecze dydaktyczne. Wszystkim kt\u00f3rzy my\u015bl\u0105 o studiach teologicznych, polecam \u0141\u00f3dzki Instytut!\u201d<br><em><span style=\"font-weight: bold;\">Agnieszka, absolwentka teologii<\/span><\/em><\/p>\n<\/div>\n<\/div>\t\t\t\t\t\t\t\t<\/div>\n\t\t\t\t<\/div>\n\t\t\t\t\t<\/div>\n\t\t<\/div>\n\t\t\t\t\t<\/div>\n\t\t<\/section>\n\t\t\t\t<\/div>\n\t\t","protected":false},"excerpt":{"rendered":"<p>Dekret Kongregacji i Statut Instytutu Dekret Kongregacji Statut Instytutu Instytut Teologiczny &#8211; geneza &nbsp; INSTYTUT TEOLOGICZNY oraz PUNKT KONSULTACYJNY w [&hellip;]<\/p>\n","protected":false},"author":1,"featured_media":0,"parent":0,"menu_order":0,"comment_status":"closed","ping_status":"closed","template":"","meta":{"site-sidebar-layout":"default","site-content-layout":"","ast-site-content-layout":"default","site-content-style":"default","site-sidebar-style":"default","ast-global-header-display":"","ast-banner-title-visibility":"","ast-main-header-display":"","ast-hfb-above-header-display":"","ast-hfb-below-header-display":"","ast-hfb-mobile-header-display":"","site-post-title":"","ast-breadcrumbs-content":"","ast-featured-img":"","footer-sml-layout":"","ast-disable-related-posts":"","theme-transparent-header-meta":"","adv-header-id-meta":"","stick-header-meta":"","header-above-stick-meta":"","header-main-stick-meta":"","header-below-stick-meta":"","astra-migrate-meta-layouts":"default","ast-page-background-enabled":"default","ast-page-background-meta":{"desktop":{"background-color":"var(--ast-global-color-5)","background-image":"","background-repeat":"repeat","background-position":"center center","background-size":"auto","background-attachment":"scroll","background-type":"","background-media":"","overlay-type":"","overlay-color":"","overlay-opacity":"","overlay-gradient":""},"tablet":{"background-color":"","background-image":"","background-repeat":"repeat","background-position":"center center","background-size":"auto","background-attachment":"scroll","background-type":"","background-media":"","overlay-type":"","overlay-color":"","overlay-opacity":"","overlay-gradient":""},"mobile":{"background-color":"","background-image":"","background-repeat":"repeat","background-position":"center center","background-size":"auto","background-attachment":"scroll","background-type":"","background-media":"","overlay-type":"","overlay-color":"","overlay-opacity":"","overlay-gradient":""}},"ast-content-background-meta":{"desktop":{"background-color":"var(--ast-global-color-4)","background-image":"","background-repeat":"repeat","background-position":"center center","background-size":"auto","background-attachment":"scroll","background-type":"","background-media":"","overlay-type":"","overlay-color":"","overlay-opacity":"","overlay-gradient":""},"tablet":{"background-color":"var(--ast-global-color-4)","background-image":"","background-repeat":"repeat","background-position":"center center","background-size":"auto","background-attachment":"scroll","background-type":"","background-media":"","overlay-type":"","overlay-color":"","overlay-opacity":"","overlay-gradient":""},"mobile":{"background-color":"var(--ast-global-color-4)","background-image":"","background-repeat":"repeat","background-position":"center center","background-size":"auto","background-attachment":"scroll","background-type":"","background-media":"","overlay-type":"","overlay-color":"","overlay-opacity":"","overlay-gradient":""}},"footnotes":""},"class_list":["post-1399","page","type-page","status-publish","hentry"],"_links":{"self":[{"href":"https:\/\/www3.archidiecezja.lodz.pl\/akw-it\/index.php?rest_route=\/wp\/v2\/pages\/1399","targetHints":{"allow":["GET"]}}],"collection":[{"href":"https:\/\/www3.archidiecezja.lodz.pl\/akw-it\/index.php?rest_route=\/wp\/v2\/pages"}],"about":[{"href":"https:\/\/www3.archidiecezja.lodz.pl\/akw-it\/index.php?rest_route=\/wp\/v2\/types\/page"}],"author":[{"embeddable":true,"href":"https:\/\/www3.archidiecezja.lodz.pl\/akw-it\/index.php?rest_route=\/wp\/v2\/users\/1"}],"replies":[{"embeddable":true,"href":"https:\/\/www3.archidiecezja.lodz.pl\/akw-it\/index.php?rest_route=%2Fwp%2Fv2%2Fcomments&post=1399"}],"version-history":[{"count":9,"href":"https:\/\/www3.archidiecezja.lodz.pl\/akw-it\/index.php?rest_route=\/wp\/v2\/pages\/1399\/revisions"}],"predecessor-version":[{"id":2943,"href":"https:\/\/www3.archidiecezja.lodz.pl\/akw-it\/index.php?rest_route=\/wp\/v2\/pages\/1399\/revisions\/2943"}],"wp:attachment":[{"href":"https:\/\/www3.archidiecezja.lodz.pl\/akw-it\/index.php?rest_route=%2Fwp%2Fv2%2Fmedia&parent=1399"}],"curies":[{"name":"wp","href":"https:\/\/api.w.org\/{rel}","templated":true}]}}