{"id":11,"date":"2015-07-12T15:58:46","date_gmt":"2015-07-12T13:58:46","guid":{"rendered":"http:\/\/archidiecezja.lodz.pl\/lst\/?page_id=11"},"modified":"2026-01-13T21:52:06","modified_gmt":"2026-01-13T20:52:06","slug":"11-2","status":"publish","type":"page","link":"https:\/\/www3.archidiecezja.lodz.pl\/lst\/?page_id=11","title":{"rendered":"REGULAMIN"},"content":{"rendered":"<div class=\"slider-wrapper\"><div class=\"ribbon\"><\/div><div id=\"nivoslider-29\" class=\"nivoSlider\"><img decoding=\"async\" src=\"https:\/\/www3.archidiecezja.lodz.pl\/lst\/wp-content\/uploads\/2015\/07\/slajd-1.png\" alt=\"\" \/><img decoding=\"async\" src=\"https:\/\/www3.archidiecezja.lodz.pl\/lst\/wp-content\/uploads\/2015\/07\/slajd-2.png\" alt=\"\" \/><img decoding=\"async\" src=\"https:\/\/www3.archidiecezja.lodz.pl\/lst\/wp-content\/uploads\/2015\/07\/slajd-3.png\" alt=\"\" \/><img decoding=\"async\" src=\"https:\/\/www3.archidiecezja.lodz.pl\/lst\/wp-content\/uploads\/2015\/07\/slajd-4.png\" alt=\"\" \/><img decoding=\"async\" src=\"https:\/\/www3.archidiecezja.lodz.pl\/lst\/wp-content\/uploads\/2015\/07\/slajd-5.png\" alt=\"\" \/><img decoding=\"async\" src=\"https:\/\/www3.archidiecezja.lodz.pl\/lst\/wp-content\/uploads\/2015\/07\/slajd-6.png\" alt=\"\" \/><img decoding=\"async\" src=\"https:\/\/www3.archidiecezja.lodz.pl\/lst\/wp-content\/uploads\/2015\/07\/slajd-7.png\" alt=\"\" \/><img decoding=\"async\" src=\"https:\/\/www3.archidiecezja.lodz.pl\/lst\/wp-content\/uploads\/2015\/07\/slajd-8.png\" alt=\"\" \/><\/div><\/div><script type=\"text\/javascript\">\njQuery(window).load(function(){\n    jQuery(\"#nivoslider-29\").nivoSlider({\n        effect:\"random\",\n        slices:15,\n        boxCols:8,\n        boxRows:4,\n        animSpeed:500,\n        pauseTime:3000,\n        startSlide:0,\n        directionNav:false,\n        controlNav:false,\n        controlNavThumbs:false,\n        pauseOnHover:false,\n        manualAdvance:false\n    });\n});\n<\/script>\n\n<h3>Regulamin funkcjonowania redakcji, recenzowania i procesu wydawniczego kwartalnika \u0141\u00f3dzkie Studia Teologiczne<\/h3>\n<p><strong>\u00a0I. <\/strong><strong>Proces recenzyjny<\/strong><strong>:<\/strong><\/p>\n<p>Przebieg procedury recenzyjnej rozpraw i artyku\u0142\u00f3w recenzyjnych zgodny jest z zaleceniami Ministerstwa Nauki i Szkolnictwa Wy\u017cszego. Procedura recenzyjna przebiega z zachowaniem zasad poufno\u015bci i ma charakter dwustronnie anonimowy. Sporz\u0105dzenie recenzji powierza si\u0119 specjalistom w dziedzinie, kt\u00f3rej dotyczy recenzowany tekst. Ka\u017cda recenzja przygotowywana jest na opracowanym przez Redakcj\u0119 formularzu. Autor nadsy\u0142aj\u0105c tekst do Redakcji \u0141\u00f3dzkich Studi\u00f3w Teologicznych tym samym godzi si\u0119 na poddanie tekstu procedurze recenzyjnej, kt\u00f3ra przebiega w spos\u00f3b nast\u0119puj\u0105cy:<\/p>\n<ol>\n<li>Oceny wst\u0119pnej, przy uwzgl\u0119dnieniu kryteri\u00f3w formalnych, dokonuje Redakcja (Przewodnicz\u0105cy lub Wiceprzewodnicz\u0105cy Kolegium Redakcyjnego i wskazany przez niego Redaktor Tematyczny), autor za\u015b informowany jest o przekazaniu tekstu do recenzji b\u0105d\u017a rezygnacji z tekstu.<\/li>\n<li>Tekst w formie anonimowej wraz z formularzem oceny przekazuje si\u0119 dw\u00f3m recenzentom zewn\u0119trznym, kt\u00f3rzy zobowi\u0105zuj\u0105 si\u0119, \u017ce nie wykorzystaj\u0105 wiedzy na temat ocenianego tekstu przed jego publikacj\u0105 na \u0142amach \u0141\u00f3dzkich Studi\u00f3w Teologicznych.<\/li>\n<li>Po otrzymaniu recenzji Redakcja podejmuje decyzj\u0119 o publikacji tekstu lub jego odrzuceniu.<\/li>\n<li>Jednocze\u015bnie Redakcja zachowuje sobie prawo do zaproponowania na podstawie opinii w\u0142asnych b\u0105d\u017a recenzent\u00f3w poprawek, od kt\u00f3rych realizacji przez autora uzale\u017cnia si\u0119 ostateczn\u0105 decyzj\u0119 o publikacji.<\/li>\n<li>Po ostatecznym zatwierdzeniu do druku tekst zostaje poddany redakcji merytorycznej, j\u0119zykowej oraz adiustacji.<\/li>\n<li>Lista wsp\u00f3\u0142pracuj\u0105cych z Redakcj\u0105 recenzent\u00f3w jest publikowana dorocznie w\u00a0ka\u017cdym czwartym numerze \u0141\u00f3dzkich Studi\u00f3w Teologicznych.<\/li>\n<li>Po uzyskaniu obu pozytywnych ocen, z zastrze\u017ceniem par. 4, tekst kierowany jest przez redakcj\u0119 do korekty j\u0119zykowej i umieszczany w najbli\u017cszym numerze kwartalnika.<\/li>\n<li>W przypadku numer\u00f3w \u201emonograficznych\u201d wy\u0142anianie recenzent\u00f3w wymaga akceptacji Redaktora Naukowego numeru.<\/li>\n<li>W sytuacjach szczeg\u00f3lnych, na wniosek cz\u0142onka Kolegium Redakcyjnego kontro\u00adla korekcyjna tekstu mo\u017ce, je\u017celi tak\u0105 decyzj\u0119 podejmie Kolegium Redakcyjne, poprzedza\u0107 recenzje zewn\u0119trzne.<\/li>\n<li>W przypadku, gdy jedna z os\u00f3b wchodz\u0105ca w sk\u0142ad Kolegium Redakcyjnego lub b\u0119d\u0105ca sekretarzem redakcji lub redaktorem numeru specjalnego sk\u0142ada sw\u00f3j tekst do rocznika, procedura <em>double-blind review process<\/em> obejmuje j\u0105 w takim samym zakresie jak innych autor\u00f3w. W takim przypadku za zachowanie tej procedury odpowiedzialni s\u0105 po\u00adzostali cz\u0142onkowie Kolegium Redakcyjnego.<\/li>\n<li>W przypadkach, gdy Kolegium Redakcyjne uzna niecelowo\u015b\u0107 stosowania proce\u00addury <em>double-blind review process<\/em> w zwi\u0105zku ze sposobem narracji lub samo-cytowaniem przyj\u0119tym w tek\u015bcie, kt\u00f3ry ewidentnie wskazuje osob\u0119 autora lub te\u017c specyficzn\u0105 tema\u00adtyk\u0105, kt\u00f3r\u0105 w kraju wy\u0142\u0105cznie zajmuje si\u0119 autor, Kolegium Redakcyjne podejmuje decyzj\u0119 o odst\u0105pieniu od procedury <em>double-blind review process<\/em> i jednocze\u015bnie prosi recenzent\u00f3w o za\u0142\u0105czenie wraz z recenzj\u0105 pisemnego o\u015bwiadczenia, i\u017c nie wyst\u0119puje konflikt intere\u00ads\u00f3w, za kt\u00f3ry uznaje si\u0119 zachodz\u0105ce mi\u0119dzy recenzentem a autorem bezpo\u015brednie rela\u00adcje osobiste (pokrewie\u0144stwo, zwi\u0105zki prawne, konflikt), relacje podleg\u0142o\u015bci zawodowej, bezpo\u015bredni\u0105 wsp\u00f3\u0142prac\u0119 naukow\u0105 w ci\u0105gu ostatnich dw\u00f3ch \u0142at poprzedzaj\u0105cych przy\u00adgotowanie recenzji. Nazwisko \u017cadnego z recenzent\u00f3w na jakimkolwiek etapie nie b\u0119dzie ujawnione autorowi sk\u0142adaj\u0105cemu tekst, tak\u017ce w przypadku odst\u0105pienia od procedury <em>double-blind review process<\/em> opisanej w pkt. powy\u017cej.<\/li>\n<li>Recenzja na ka\u017cdym etapie recenzowania musi mie\u0107 form\u0119 pisemn\u0105, by\u0107 podpi\u00adsana i ko\u0144czy\u0107 si\u0119 jednoznacznym wnioskiem co do dopuszczenia artyku\u0142u do publikacji \u0142ub jego odrzucenia. Autor otrzymuje jedynie istotne dla niego merytoryczne fragmenty recenzji, bez jakichkolwiek element\u00f3w, kt\u00f3re mog\u0142yby ujawnia\u0107 recenzenta. Autor wie jedynie, \u017ce recenzenci s\u0105 osobami z listy recenzent\u00f3w.<\/li>\n<li>Recenzent w swoich rozwa\u017caniach recenzyjnych powinien skupia\u0107 si\u0119 na war\u00adto\u015bci merytorycznej recenzowanych tekst\u00f3w oraz zdolno\u015bci do stawiania problem\u00f3w ba\u00addawczych. Ocenie podlega r\u00f3wnie\u017c formalna strona tekstu.<\/li>\n<li>Lista recenzent\u00f3w jest stale umieszczona na stronie internetowej \u0141\u00f3dzkich Studi\u00f3w Teologicznych w ka\u017cdym czwartym numerze kwartalnika danego roku.<\/li>\n<\/ol>\n<p>&nbsp;<\/p>\n<p><strong> II. Zapobieganie zjawiskom<\/strong> <strong><em>\u201eghostwriting&#8221;<\/em><\/strong> i <strong><em>\u201eguest authorship&#8221;.<\/em><\/strong><\/p>\n<ol>\n<li><strong><em>\u00a0<\/em><\/strong>Zwalczanie procedur <em>ghostwriting<\/em> i <em>guest authorship&#8221;<\/em> stanowi\u0107 powinien istotny cel redakcji czasopism naukowych. MNiSW w swoich wyja\u015bnieniach dotycz\u0105cych <em>\u201egho\u00adstwriting&#8221;<\/em> sprecyzowa\u0142o znaczenie tych procedur (zob. <a href=\"https:\/\/pbn.nauka.gov.pl\/static\/doc\/wyjasnienie_dotyczace_ghostwriting.pdf\">https:\/\/pbn.nauka.gov.pl\/static\/doc\/wyjasnienie_dotyczace_ghostwriting.pdf<\/a>).<\/li>\n<li>Tym samym, cho\u0107 negatywne zjawiska wymienione w ust. 1 powy\u017cej raczej stanowi\u0105 wyj\u0105tkow\u0105 rzadko\u015b\u0107 w naukach humanistycznych, to Kolegium Redakcyjne \u0141ST wymaga od autor\u00f3w aby w przypadku tekst\u00f3w pisanych we wsp\u00f3\u0142autorstwie wyra\u017anie okre\u015blili udzia\u0142 procentowy pracy poszczeg\u00f3lnych autor\u00f3w w procesie powstawania tekstu i po\u00adprzedzaj\u0105cych go badaniach.<\/li>\n<li>Kolegium Redakcyjne \u0141ST uznaj\u0105c, \u017ce zjawiska opisane we wskazanym powy\u00ad\u017cej tek\u015bcie s\u0105 przejawem nierzetelno\u015bci naukowej, wszelkie wykryte przypadki b\u0119dzie skrupulatnie demasko\u00adwa\u0142o.<\/li>\n<li>W przypadku finansowania bada\u0144 naukowych, kt\u00f3re doprowadzi\u0142y do powsta\u00adnia artyku\u0142u naukowego z \u015brodk\u00f3w finansowych innych ni\u017c jednostka naukowa afiliuj\u0105\u00adca autora lub jego \u015brodk\u00f3w prywatnych, autor proszony jest o wskazanie w pierwszym przypisie tekstu (odnosz\u0105cym si\u0119 do jego tytu\u0142u) innych \u017ar\u00f3de\u0142 finansowania, kt\u00f3re do\u00adprowadzi\u0142y do jego powstania.<\/li>\n<\/ol>\n<p>&nbsp;<\/p>\n<p><strong>III. Zwalczanie narusze\u0144 praw autorskich<\/strong><\/p>\n<ol>\n<li>W przypadku wykrycia przez Kolegium Redakcyjne lub recenzent\u00f3w faktu przy\u00adw\u0142aszczenia cudzej pracy naukowej, Kolegium Redakcyjne w zale\u017cno\u015bci od charakteru i zakresu naruszenia podejmie natychmiast stosowne \u015brodki. W szczeg\u00f3lno\u015bci b\u0119d\u0105 one polega\u0107 na natychmiastowym poinformowaniu o tym fakcie jednostki naukowej zatrud\u00adniaj\u0105cej osob\u0119 naruszaj\u0105c\u0105 prawa autorskie, towarzystw naukowych, do kt\u00f3rych, wedle ustalenia, nale\u017cy i innych wydawc\u00f3w czasopism.<\/li>\n<li>W szczeg\u00f3lnych przypadkach mog\u0105 zosta\u0107 o tym fakcie poinformowane organy \u015bci\u00adgania.<\/li>\n<\/ol>\n<p>&nbsp;<\/p>\n<p><strong>IV. Organy redakcyjne:<\/strong> <strong>Kolegium Redakcyjne, Przewodnicz\u0105cy, Wiceprzewodnicz\u0105cy Kolegium Redakcyjnego, Redaktorzy Tematyczni<\/strong><\/p>\n<ol>\n<li>Kolegium Redakcyjne obraduje i podejmuje decyzje kolegialnie zwyk\u0142\u0105 wi\u0119kszo\u00ad\u015bci\u0105 g\u0142os\u00f3w (w razie r\u00f3wnowagi g\u0142os\u00f3w za i przeciw rozstrzyga g\u0142os Przewodnicz\u0105cego), spotyka si\u0119 przynajmniej raz na kwarta\u0142 (luty, maj, wrzesie\u0144, listopad). Decyzje podejmowane przez Kolegium Redakcyjne dotycz\u0105 sk\u0142adu recenzent\u00f3w (ich powo\u00ad\u0142ywania i odwo\u0142ywania), oraz procedur recenzyjnych. We wszelkich sprawach, w kt\u00f3\u00adrych w niniejszym regulaminie nie wskazano inaczej, w\u0142a\u015bciwe jest Kolegium Redakcyjne.<\/li>\n<li>Przewodnicz\u0105cy Kolegium Redakcyjnego, kt\u00f3rym jest z urz\u0119du Rektor WSD w \u0141odzi, na wniosek cz\u0142onk\u00f3w Kolegium, powo\u0142uje i odwo\u0142uje, przedstawiaj\u0105c Ksi\u0119dzu Arcybiskupowi: wiceprzewodnicz\u0105cego i sekretarzy re\u00addakcji (wed\u0142ug potrzeb), redaktor\u00f3w numer\u00f3w specjalnych, redaktor\u00f3w j\u0119zykowych i redaktor\u00f3w tematycznych.<\/li>\n<li>Funkcja redaktora numeru specjalnego jest funkcj\u0105 czasow\u0105, na okres prac redak\u00adcyjnych nad tym numerem i ko\u0144czy si\u0119 wraz z jego wydaniem<\/li>\n<\/ol>\n<p>&nbsp;<\/p>\n<p><strong>V. Postanowienia szczeg\u00f3lne<\/strong><\/p>\n<ol>\n<li>Maj\u0105tkowe prawa autorskie (<em>copyright<\/em>) do opublikowanych tekst\u00f3w posiadaj\u0105 re\u00addaktorzy naczelni <em>(en bloc)<\/em> oraz autorzy (ka\u017cdy do swojego tekstu z osobna).<\/li>\n<li>Prawa autorskie do ok\u0142adki stosowanej w tomach \u0141ST posiada Wy\u017csze Seminarium Duchowne w \u0141odzi.<\/li>\n<li>Sugerowany skr\u00f3cony spos\u00f3b cytowania to: \u0141ST, <em>tom\/ rok<\/em> <em>kolejny cyframi arabskimi (kolejny rok cyframi arabskimi)<\/em> oraz numer kwartalnika <em>(1-4 cyframi arabskimi) oraz po przecinku zakres stron<\/em> np. \u0141ST 24 (2015) 1, 10-31.<\/li>\n<li>Tekst drukowany stanowi pierwotn\u0105 wersj\u0119 zapisu. Wersja elektroniczna jest dok\u0142adn\u0105, r\u00f3wnorz\u0119dn\u0105, cho\u0107 wt\u00f3rn\u0105 wersj\u0105 zapisu kwartalnika. Wersja <em>on-line<\/em> dost\u0119pna b\u0119dzie w formacie PDF na stronie internetowej po opublikowaniu wersji papierowej\u00a0kwartalnika\u00a0po up\u0142ywie kwarta\u0142u.<\/li>\n<li>Do chwili udost\u0119pnienia kolejnego numeru kwartalnika w formacie PDF, <em>on-line <\/em>b\u0119dzie dost\u0119pny spis tre\u015bci wraz z abstraktami najnowszego numeru kolejnego kwartalnika.<\/li>\n<li>Autor sk\u0142adaj\u0105cy tekst do druku w \u0141ST zgadza si\u0119 na umieszczenie na stronie internetowej \u0141ST pe\u0142nego tekstu swojego artyku\u0142u po up\u0142ywie kwarta\u0142u\u00a0od jego ukazania si\u0119 drukiem.<\/li>\n<\/ol>\n<p>&nbsp;<\/p>\n","protected":false},"excerpt":{"rendered":"<p>Regulamin funkcjonowania redakcji, recenzowania i procesu wydawniczego kwartalnika \u0141\u00f3dzkie Studia Teologiczne \u00a0I. Proces recenzyjny: Przebieg procedury recenzyjnej rozpraw i artyku\u0142\u00f3w recenzyjnych zgodny jest z zaleceniami Ministerstwa Nauki i Szkolnictwa Wy\u017cszego. Procedura recenzyjna przebiega z zachowaniem zasad poufno\u015bci i ma charakter dwustronnie anonimowy. Sporz\u0105dzenie recenzji powierza si\u0119 specjalistom w dziedzinie, kt\u00f3rej dotyczy recenzowany tekst. Ka\u017cda recenzja [&hellip;]<\/p>\n","protected":false},"author":3,"featured_media":0,"parent":0,"menu_order":0,"comment_status":"closed","ping_status":"open","template":"template-front.php","meta":{"footnotes":""},"class_list":["post-11","page","type-page","status-publish","hentry"],"_links":{"self":[{"href":"https:\/\/www3.archidiecezja.lodz.pl\/lst\/index.php?rest_route=\/wp\/v2\/pages\/11","targetHints":{"allow":["GET"]}}],"collection":[{"href":"https:\/\/www3.archidiecezja.lodz.pl\/lst\/index.php?rest_route=\/wp\/v2\/pages"}],"about":[{"href":"https:\/\/www3.archidiecezja.lodz.pl\/lst\/index.php?rest_route=\/wp\/v2\/types\/page"}],"author":[{"embeddable":true,"href":"https:\/\/www3.archidiecezja.lodz.pl\/lst\/index.php?rest_route=\/wp\/v2\/users\/3"}],"replies":[{"embeddable":true,"href":"https:\/\/www3.archidiecezja.lodz.pl\/lst\/index.php?rest_route=%2Fwp%2Fv2%2Fcomments&post=11"}],"version-history":[{"count":8,"href":"https:\/\/www3.archidiecezja.lodz.pl\/lst\/index.php?rest_route=\/wp\/v2\/pages\/11\/revisions"}],"predecessor-version":[{"id":432,"href":"https:\/\/www3.archidiecezja.lodz.pl\/lst\/index.php?rest_route=\/wp\/v2\/pages\/11\/revisions\/432"}],"wp:attachment":[{"href":"https:\/\/www3.archidiecezja.lodz.pl\/lst\/index.php?rest_route=%2Fwp%2Fv2%2Fmedia&parent=11"}],"curies":[{"name":"wp","href":"https:\/\/api.w.org\/{rel}","templated":true}]}}